{"id":5652802,"date":"2017-10-18T12:51:51","date_gmt":"2017-10-18T12:51:51","guid":{"rendered":"https:\/\/ipvision.az\/?page_id=5652802"},"modified":"2023-10-28T12:58:53","modified_gmt":"2023-10-28T12:58:53","slug":"network-hw-9","status":"publish","type":"page","link":"https:\/\/ipvision.az\/index.php\/hardw\/network-hw-9\/","title":{"rendered":"\u015e\u0259b\u0259k\u0259 avadanl\u0131qlar\u0131"},"content":{"rendered":"<section class=\"wpb-content-wrapper\">[vc_row][vc_column][vc_column_text]\n<p style=\"text-align: left; font-size: 18px;\">T\u0259\u015fkilatlara, d\u00f6vl\u0259t sektoruna aid m\u00fc\u0259ssis\u0259l\u0259r\u0259 v\u0259 \u00f6z\u0259l biznesl\u0259r\u0259 \u0130T avadanl\u0131qlar\u0131n\u0131n, proqram t\u0259minatlar\u0131n t\u0259chizat\u0131\u00a0 v\u0259 eyni zamanda sazlama- qura\u015fd\u0131rma i\u015fl\u0259rini z\u0259man\u0259tli t\u0259qdim etm\u0259y\u0259 haz\u0131r\u0131q.<\/p>\n[\/vc_column_text][vc_separator color=&#8221;custom&#8221; align=&#8221;align_left&#8221; border_width=&#8221;5&#8243; el_width=&#8221;30&#8243; accent_color=&#8221;#1e73be&#8221;][\/vc_column][\/vc_row][vc_row css=&#8221;.vc_custom_1696176091631{margin-top: 50px !important;}&#8221;][vc_column width=&#8221;1\/2&#8243;][vc_row_inner][vc_column_inner][vc_column_text]\n<p style=\"font-size: 18px; color: #000;\">T\u0259hsil m\u0259rk\u0259zi, m\u00fc\u0259ssis\u0259l\u0259r v\u0259 h\u0259r hans\u0131 dig\u0259r payla\u015f\u0131lan f\u0259aliyy\u0259tl\u0259r \u00fczr\u0259 informasiya sisteml\u0259ri, i\u015f yerl\u0259rini \u015f\u0259b\u0259k\u0259 strukturuna birl\u0259\u015fdirm\u0259lidir. Bu strukturun \u0259sas hiss\u0259si kompyuter \u015f\u0259b\u0259k\u0259 avadanl\u0131qlar\u0131d\u0131r: \u00f6t\u00fcr\u00fcc\u00fcl\u0259r (switch), a\u00e7arlar (transreceiver), mar\u015frutla\u015fd\u0131r\u0131c\u0131lar (router), adapterl\u0259r, simsiz avadanl\u0131qlar, giri\u015f n\u00f6qt\u0259l\u0259ri, kabell\u0259r v\u0259 s.<\/p>\n<p style=\"font-size: 16px; color: #000;\">Biz apar\u0131c\u0131 \u015f\u0259b\u0259k\u0259 avadanl\u0131\u011f\u0131 istehsal\u00e7\u0131lar\u0131 <strong>(CISCO, HPE, ELTEX, HUAWEI, RUIJIE NETWROKS, JUNIPER, IBM v\u0259 s.)<\/strong> il\u0259 \u0259m\u0259kda\u015fl\u0131q edirik, t\u0259r\u0259fda\u015f statuslar\u0131m\u0131z biz\u0259 b\u00fct\u00fcn m\u00fc\u015ft\u0259ril\u0259rin m\u00fcraci\u0259tl\u0259ri \u00fczr\u0259 fasil\u0259siz v\u0259 rasional i\u015f aparma\u011fa imkan verir. Biznes ehtiyaclar\u0131na uy\u011fun olaraq \u015f\u0259b\u0259k\u0259 avadanl\u0131\u011f\u0131n\u0131 t\u0259chiz etm\u0259y\u0259, qura\u015fd\u0131rma\u011fa v\u0259 konfiqurasiya etm\u0259y\u0259 haz\u0131r\u0131q.<\/p>\n[\/vc_column_text][\/vc_column_inner][\/vc_row_inner][vc_row_inner][vc_column_inner][vc_column_text]\n<p style=\"font-size: 16px; color: #000;\"><strong>Avadanl\u0131qlar\u0131n v\u0259 xidm\u0259tl\u0259rimizin qiym\u0259tl\u0259ri<\/strong> m\u00fcmk\u00fcn q\u0259d\u0259r d\u0259qiqdir v\u0259 biz \u0259minik ki, qiym\u0259tl\u0259rimiz r\u0259qab\u0259tlidir. <strong>IPVISION<\/strong> olaraq s\u0259m\u0259r\u0259li \u0259m\u0259kda\u015fl\u0131\u011fa haz\u0131r\u0131q v\u0259 b\u00fct\u00fcn xidm\u0259t m\u00fcdd\u0259ti \u0259rzind\u0259 m\u00fc\u015ft\u0259ril\u0259rimizi endiriml\u0259r v\u0259 d\u0259st\u0259yimizl\u0259 sevindiririk.<\/p>\n[\/vc_column_text][\/vc_column_inner][\/vc_row_inner][\/vc_column][vc_column width=&#8221;1\/2&#8243;][vc_row_inner][vc_column_inner width=&#8221;1\/2&#8243;][vc_column_text css=&#8221;.vc_custom_1698394913160{border-left-width: 3px !important;padding-left: 10px !important;border-left-color: #1e73be !important;border-left-style: solid !important;border-radius: 2px !important;}&#8221;]\n<p style=\"font-size: 14px; color: #000;\">Etibarl\u0131 v\u0259 enerji s\u0259m\u0259r\u0259liliyi il\u0259 se\u00e7il\u0259n komutatorlar (switch) t\u0259klif edirik. Daim artan biznes ehtiyaclar\u0131na cavab ver\u0259n \u0259la miqyasl\u0131l\u0131q.<\/p>\n[\/vc_column_text][\/vc_column_inner][vc_column_inner width=&#8221;1\/2&#8243;][vc_single_image image=&#8221;5652430&#8243; img_size=&#8221;full&#8221;][\/vc_column_inner][\/vc_row_inner][vc_row_inner][vc_column_inner width=&#8221;1\/2&#8243;][vc_column_text css=&#8221;.vc_custom_1698394973822{border-left-width: 3px !important;padding-left: 10px !important;border-left-color: #1e73be !important;border-left-style: solid !important;border-radius: 2px !important;}&#8221;]\n<p style=\"font-size: 14px; color: #000;\">M\u00fcxt\u0259lif s\u0259viyy\u0259li m\u00fcasir proqramlarla i\u015fl\u0259m\u0259k \u00fc\u00e7\u00fcn tam optimalla\u015fd\u0131r\u0131lm\u0131\u015f laz\u0131mi mar\u015frutla\u015fd\u0131r\u0131c\u0131lar (router).<\/p>\n[\/vc_column_text][\/vc_column_inner][vc_column_inner width=&#8221;1\/2&#8243;][vc_single_image image=&#8221;5652432&#8243; img_size=&#8221;full&#8221;][\/vc_column_inner][\/vc_row_inner][vc_row_inner][vc_column_inner width=&#8221;1\/2&#8243;][vc_column_text css=&#8221;.vc_custom_1698395004407{border-left-width: 3px !important;padding-left: 10px !important;border-left-color: #1e73be !important;border-left-style: solid !important;border-radius: 2px !important;}&#8221;]\n<p style=\"font-size: 14px; color: #000;\">Korporativ sinif simsiz giri\u015f n\u00f6qt\u0259l\u0259rinin t\u0259chizat\u0131, qura\u015fd\u0131r\u0131lmas\u0131 v\u0259 konfiqurasiyas\u0131n\u0131 t\u0259min edirik.<\/p>\n[\/vc_column_text][\/vc_column_inner][vc_column_inner width=&#8221;1\/2&#8243;][vc_single_image image=&#8221;5652435&#8243; img_size=&#8221;full&#8221;][\/vc_column_inner][\/vc_row_inner][\/vc_column][\/vc_row][vc_row css=&#8221;.vc_custom_1696410842472{margin-top: 100px !important;margin-bottom: 100px !important;}&#8221;][vc_column width=&#8221;1\/4&#8243;]<div class=\"norebro-counter-box-sc counter-box\" \n\tid=\"norebro-custom-69d2af0c0d8d3\"\n\t \n\t>\n\n\t\n\t<div class=\"counter-box-count\" data-counter=\"15\">\n\t\t\t\t\t\t\t\t\t<span class=\"counter-box-icon linea-arrows-check\"><\/span>\n\t\t\t\t\t\t\t<span class=\"count\">0<\/span>\n\t\t\t<\/div>\n\n\t\t\t\t<h3 class=\"title\">\u0130l t\u0259cr\u00fcb\u0259<\/h3>\n\t\t\n<\/div>[\/vc_column][vc_column width=&#8221;1\/4&#8243;]<div class=\"norebro-counter-box-sc counter-box\" \n\tid=\"norebro-custom-69d2af0c0db11\"\n\t \n\t>\n\n\t\n\t<div class=\"counter-box-count\" data-counter=\"150+\">\n\t\t\t\t\t\t\t\t\t<span class=\"counter-box-icon linea-arrows-check\"><\/span>\n\t\t\t\t\t\t\t<span class=\"count\">0<\/span>\n\t\t\t<\/div>\n\n\t\t\t\t<h3 class=\"title\">Tamamlanm\u0131\u015f layih\u0259l\u0259r<\/h3>\n\t\t\n<\/div>[\/vc_column][vc_column width=&#8221;1\/4&#8243;]<div class=\"norebro-counter-box-sc counter-box\" \n\tid=\"norebro-custom-69d2af0c0db2f\"\n\t \n\t>\n\n\t\n\t<div class=\"counter-box-count\" data-counter=\"25\">\n\t\t\t\t\t\t\t\t\t<span class=\"counter-box-icon linea-arrows-check\"><\/span>\n\t\t\t\t\t\t\t<span class=\"count\">0<\/span>\n\t\t\t<\/div>\n\n\t\t\t\t<h3 class=\"title\">T\u0259r\u0259fda\u015flar<\/h3>\n\t\t\n<\/div>[\/vc_column][vc_column width=&#8221;1\/4&#8243;]<div class=\"norebro-counter-box-sc counter-box\" \n\tid=\"norebro-custom-69d2af0c0db45\"\n\t \n\t>\n\n\t\n\t<div class=\"counter-box-count\" data-counter=\"500+\">\n\t\t\t\t\t\t\t\t\t<span class=\"counter-box-icon linea-arrows-check\"><\/span>\n\t\t\t\t\t\t\t<span class=\"count\">0<\/span>\n\t\t\t<\/div>\n\n\t\t\t\t<h3 class=\"title\">M\u0259mnun m\u00fc\u015ft\u0259ril\u0259r<\/h3>\n\t\t\n<\/div>[\/vc_column][\/vc_row][vc_row css=&#8221;.vc_custom_1696241016949{margin-bottom: 25px !important;}&#8221;][vc_column][vc_column_text]\n<p style=\"text-align: left; font-size: 18px;\">B\u0130ZNES \u00dc\u00c7\u00dcN X\u0130DM\u018fTL\u018fR\u0130M\u0130Z<\/p>\n[\/vc_column_text][vc_separator color=&#8221;custom&#8221; align=&#8221;align_left&#8221; border_width=&#8221;5&#8243; el_width=&#8221;20&#8243; accent_color=&#8221;#1e73be&#8221;][\/vc_column][\/vc_row][vc_row][vc_column width=&#8221;1\/4&#8243;][vc_column_text]\n<p style=\"font-size: 18px;\">Sistem inteqratoru &#8211; IPVISION b\u00fct\u00fcn f\u0259aliyy\u0259t sah\u0259l\u0259rind\u0259 ist\u0259nil\u0259n n\u00f6v m\u00fc\u0259ssis\u0259l\u0259r \u00fc\u00e7\u00fcn kompyuter xidm\u0259tl\u0259ri g\u00f6st\u0259rir. \u0130nforamsiya texnoloqiylar\u0131 sah\u0259sind\u0259 m\u00fcxt\u0259lif avadanl\u0131qlar\u0131n t\u0259hcizat\u0131, qura\u015fd\u0131r\u0131lmas\u0131, m\u0259lumat\u0131n t\u0259hl\u00fck\u0259sizliyini qorunmas\u0131n\u0131 t\u0259min etm\u0259kl\u0259 yana\u015f\u0131 qarantili texniki xidm\u0259t g\u00f6st\u0259rm\u0259kd\u0259yik.<\/p>\n[\/vc_column_text][\/vc_column][vc_column width=&#8221;3\/4&#8243;][vc_row_inner][vc_column_inner width=&#8221;1\/3&#8243;]<div class=\"norebro-banner-box-sc banner-box inner\"\n\tid=\"norebro-custom-69d2af0c0de00\"\n\t\t>\n\n\t\t\t<div class=\"image-wrap\">\n\t\t\t<img src=\"https:\/\/ipvision.az\/wp-content\/uploads\/2023\/06\/img-datas-ipv.png\" alt=\"Server avadanl\u0131qlar\u0131\">\n\t\t\t<div class=\"overlay\" style=\"background:rgba(30,115,190,0.83)\">\n\t\t\t\t<div class=\"content\">\n\t\t\t\t\t<h4>Server avadanl\u0131qlar\u0131<\/h4>\n\t\t\t\t\t\t\t\t\t\t\t<p class=\"subtitle\">\n\t\t\t\t\t\t\tServer avadanl\u0131qlar\u0131n \u00e7atd\u0131r\u0131lmas\u0131 qura\u015fd\u0131r\u0131lmas\u0131 v\u0259 qarantili d\u0259st\u0259k xidm\u0259ti\t\t\t\t\t\t<\/p>\n\t\t\t\t\t\t\t\t\t\t<p class=\"description\"><\/p>\n\t\t\t\t<\/div>\n\t\t\t\t\t\t\t\t<a class=\"btn btn-white btn-small btn-outline\" href=\"#\">\n\t\t\t\t\tServer avadanl\u0131qlar\u0131\t\t\t\t\t\t\t\t\t<\/a>\n\t\t\t\t\t\t\t<\/div>\n\t\t<\/div>\n\t\n<\/div>\n[\/vc_column_inner][vc_column_inner width=&#8221;1\/3&#8243;]<div class=\"norebro-banner-box-sc banner-box inner\"\n\tid=\"norebro-custom-69d2af0c0e2b2\"\n\t\t>\n\n\t\t\t<div class=\"image-wrap\">\n\t\t\t<img src=\"https:\/\/ipvision.az\/wp-content\/uploads\/2023\/06\/img-pch-ipv.png\" alt=\"Komp\u00fcter avadanl\u0131qlar\u0131\">\n\t\t\t<div class=\"overlay\" style=\"background:rgba(30,115,190,0.83)\">\n\t\t\t\t<div class=\"content\">\n\t\t\t\t\t<h4>Komp\u00fcter avadanl\u0131qlar\u0131<\/h4>\n\t\t\t\t\t\t\t\t\t\t\t<p class=\"subtitle\">\n\t\t\t\t\t\t\tKomp\u00fcter \u00e7atd\u0131r\u0131lmas\u0131 qura\u015fd\u0131r\u0131lmas\u0131 v\u0259 qarantili d\u0259st\u0259k xidm\u0259ti\t\t\t\t\t\t<\/p>\n\t\t\t\t\t\t\t\t\t\t<p class=\"description\"><\/p>\n\t\t\t\t<\/div>\n\t\t\t\t\t\t\t\t<a class=\"btn btn-white btn-small btn-outline\" href=\"#\">\n\t\t\t\t\tKomp\u00fcter avadanl\u0131qlar\u0131\t\t\t\t\t\t\t\t\t<\/a>\n\t\t\t\t\t\t\t<\/div>\n\t\t<\/div>\n\t\n<\/div>\n[\/vc_column_inner][vc_column_inner width=&#8221;1\/3&#8243;]<div class=\"norebro-banner-box-sc banner-box inner\"\n\tid=\"norebro-custom-69d2af0c0e310\"\n\t\t>\n\n\t\t\t<div class=\"image-wrap\">\n\t\t\t<img src=\"https:\/\/ipvision.az\/wp-content\/uploads\/2023\/06\/img-datas-ipv.png\" alt=\"Saxlama sisteml\u0259ri\">\n\t\t\t<div class=\"overlay\" style=\"background:rgba(30,115,190,0.83)\">\n\t\t\t\t<div class=\"content\">\n\t\t\t\t\t<h4>Saxlama sisteml\u0259ri<\/h4>\n\t\t\t\t\t\t\t\t\t\t\t<p class=\"subtitle\">\n\t\t\t\t\t\t\tSaxlama sisteml\u0259ril\u0259rinin \u00e7atd\u0131r\u0131lmas\u0131 qura\u015fd\u0131r\u0131lmas\u0131 v\u0259 qarantili d\u0259st\u0259k xidm\u0259ti\t\t\t\t\t\t<\/p>\n\t\t\t\t\t\t\t\t\t\t<p class=\"description\"><\/p>\n\t\t\t\t<\/div>\n\t\t\t\t\t\t\t\t<a class=\"btn btn-white btn-small btn-outline\" href=\"#\">\n\t\t\t\t\tSaxlama sisteml\u0259ri\t\t\t\t\t\t\t\t\t<\/a>\n\t\t\t\t\t\t\t<\/div>\n\t\t<\/div>\n\t\n<\/div>\n[\/vc_column_inner][\/vc_row_inner][vc_row_inner][vc_column_inner width=&#8221;1\/3&#8243;]<div class=\"norebro-banner-box-sc banner-box inner\"\n\tid=\"norebro-custom-69d2af0c0e549\"\n\t\t>\n\n\t\t\t<div class=\"image-wrap\">\n\t\t\t<img src=\"https:\/\/ipvision.az\/wp-content\/uploads\/2023\/06\/img-ups-ipv.png\" alt=\"Fasil\u0259siz enerji\">\n\t\t\t<div class=\"overlay\" style=\"background:rgba(30,115,190,0.83)\">\n\t\t\t\t<div class=\"content\">\n\t\t\t\t\t<h4>Fasil\u0259siz enerji<\/h4>\n\t\t\t\t\t\t\t\t\t\t\t<p class=\"subtitle\">\n\t\t\t\t\t\t\tFasil\u0259siz enerji sisteml\u0259rinin \u00e7atd\u0131r\u0131lmas\u0131 qura\u015fd\u0131r\u0131lmas\u0131 v\u0259 qarantili d\u0259st\u0259k xidm\u0259ti\t\t\t\t\t\t<\/p>\n\t\t\t\t\t\t\t\t\t\t<p class=\"description\"><\/p>\n\t\t\t\t<\/div>\n\t\t\t\t\t\t\t\t<a class=\"btn btn-white btn-small btn-outline\" href=\"#\">\n\t\t\t\t\tFasil\u0259siz enerji\t\t\t\t\t\t\t\t\t<\/a>\n\t\t\t\t\t\t\t<\/div>\n\t\t<\/div>\n\t\n<\/div>\n[\/vc_column_inner][vc_column_inner width=&#8221;1\/3&#8243;]<div class=\"norebro-banner-box-sc banner-box inner\"\n\tid=\"norebro-custom-69d2af0c0e7b0\"\n\t\t>\n\n\t\t\t<div class=\"image-wrap\">\n\t\t\t<img src=\"https:\/\/ipvision.az\/wp-content\/uploads\/2023\/06\/img-survv-ipv.png\" alt=\"M\u00fc\u015fahid\u0259 sisteml\u0259ri\">\n\t\t\t<div class=\"overlay\" style=\"background:rgba(30,115,190,0.83)\">\n\t\t\t\t<div class=\"content\">\n\t\t\t\t\t<h4>M\u00fc\u015fahid\u0259 sisteml\u0259ri<\/h4>\n\t\t\t\t\t\t\t\t\t\t\t<p class=\"subtitle\">\n\t\t\t\t\t\t\tM\u00fc\u015fahid\u0259 sisteml\u0259rinin \u00e7atd\u0131r\u0131lmas\u0131 qura\u015fd\u0131r\u0131lmas\u0131 v\u0259 qarantili d\u0259st\u0259k xidm\u0259ti\t\t\t\t\t\t<\/p>\n\t\t\t\t\t\t\t\t\t\t<p class=\"description\"><\/p>\n\t\t\t\t<\/div>\n\t\t\t\t\t\t\t\t<a class=\"btn btn-white btn-small btn-outline\" href=\"#\">\n\t\t\t\t\tM\u00fc\u015fahid\u0259 sisteml\u0259ri\t\t\t\t\t\t\t\t\t<\/a>\n\t\t\t\t\t\t\t<\/div>\n\t\t<\/div>\n\t\n<\/div>\n[\/vc_column_inner][vc_column_inner width=&#8221;1\/3&#8243;]<div class=\"norebro-banner-box-sc banner-box inner\"\n\tid=\"norebro-custom-69d2af0c0e9e1\"\n\t\t>\n\n\t\t\t<div class=\"image-wrap\">\n\t\t\t<img src=\"https:\/\/ipvision.az\/wp-content\/uploads\/2023\/06\/img-tel-ipv.png\" alt=\"Telefoniya sisteml\u0259ri\">\n\t\t\t<div class=\"overlay\" style=\"background:rgba(30,115,190,0.83)\">\n\t\t\t\t<div class=\"content\">\n\t\t\t\t\t<h4>Telefoniya sisteml\u0259ri<\/h4>\n\t\t\t\t\t\t\t\t\t\t\t<p class=\"subtitle\">\n\t\t\t\t\t\t\tTelefoniya sisteml\u0259rinin \u00e7atd\u0131r\u0131lmas\u0131 qura\u015fd\u0131r\u0131lmas\u0131 v\u0259 qarantili d\u0259st\u0259k xidm\u0259ti\t\t\t\t\t\t<\/p>\n\t\t\t\t\t\t\t\t\t\t<p class=\"description\"><\/p>\n\t\t\t\t<\/div>\n\t\t\t\t\t\t\t\t<a class=\"btn btn-white btn-small btn-outline\" href=\"#\">\n\t\t\t\t\tTelefoniya sisteml\u0259ri\t\t\t\t\t\t\t\t\t<\/a>\n\t\t\t\t\t\t\t<\/div>\n\t\t<\/div>\n\t\n<\/div>\n[\/vc_column_inner][\/vc_row_inner][\/vc_column][\/vc_row]\n<\/section>","protected":false},"excerpt":{"rendered":"<p>[vc_row][vc_column][vc_column_text] T\u0259\u015fkilatlara, d\u00f6vl\u0259t sektoruna aid m\u00fc\u0259ssis\u0259l\u0259r\u0259 v\u0259 \u00f6z\u0259l biznesl\u0259r\u0259 \u0130T avadanl\u0131qlar\u0131n\u0131n, proqram t\u0259minatlar\u0131n t\u0259chizat\u0131\u00a0&#8230;<\/p>\n","protected":false},"author":1,"featured_media":5652068,"parent":5652329,"menu_order":0,"comment_status":"closed","ping_status":"closed","template":"","meta":[],"acf":[],"_links":{"self":[{"href":"https:\/\/ipvision.az\/index.php\/wp-json\/wp\/v2\/pages\/5652802"}],"collection":[{"href":"https:\/\/ipvision.az\/index.php\/wp-json\/wp\/v2\/pages"}],"about":[{"href":"https:\/\/ipvision.az\/index.php\/wp-json\/wp\/v2\/types\/page"}],"author":[{"embeddable":true,"href":"https:\/\/ipvision.az\/index.php\/wp-json\/wp\/v2\/users\/1"}],"replies":[{"embeddable":true,"href":"https:\/\/ipvision.az\/index.php\/wp-json\/wp\/v2\/comments?post=5652802"}],"version-history":[{"count":12,"href":"https:\/\/ipvision.az\/index.php\/wp-json\/wp\/v2\/pages\/5652802\/revisions"}],"predecessor-version":[{"id":5652968,"href":"https:\/\/ipvision.az\/index.php\/wp-json\/wp\/v2\/pages\/5652802\/revisions\/5652968"}],"up":[{"embeddable":true,"href":"https:\/\/ipvision.az\/index.php\/wp-json\/wp\/v2\/pages\/5652329"}],"wp:featuredmedia":[{"embeddable":true,"href":"https:\/\/ipvision.az\/index.php\/wp-json\/wp\/v2\/media\/5652068"}],"wp:attachment":[{"href":"https:\/\/ipvision.az\/index.php\/wp-json\/wp\/v2\/media?parent=5652802"}],"curies":[{"name":"wp","href":"https:\/\/api.w.org\/{rel}","templated":true}]}}