{"id":5652022,"date":"2017-10-18T12:17:15","date_gmt":"2017-10-18T12:17:15","guid":{"rendered":"https:\/\/norebro.clbthemes.com\/demo8\/?page_id=12919"},"modified":"2023-10-28T11:26:56","modified_gmt":"2023-10-28T11:26:56","slug":"contact","status":"publish","type":"page","link":"https:\/\/ipvision.az\/index.php\/contact\/","title":{"rendered":"\u018flaq\u0259"},"content":{"rendered":"<section class=\"wpb-content-wrapper\">[vc_row content_placement=&#8221;middle&#8221;][vc_column width=&#8221;1\/2&#8243;][vc_row_inner css=&#8221;.vc_custom_1505736899191{padding-right: 15% !important;padding-left: 15% !important;}&#8221;][vc_column_inner][vc_single_image image=&#8221;5652950&#8243; img_size=&#8221;full&#8221;]<div class=\"norebro-text-sc \" \n\tid=\"norebro-custom-69d4cbeded031\" \n\t \n\t data-aos-duration=\"400\">\n\n\t<h4>D\u0259st\u0259k:<\/h4>\n\t\n<\/div><div class=\"norebro-text-sc \" \n\tid=\"norebro-custom-69d4cbeded36a\" \n\t \n\t data-aos-duration=\"400\">\n\n\t<p><strong>\u0130\u015f saat\u0131:<\/strong>\u00a009.00 &#8211; 18.00<br \/>\n<strong>Tel.:<\/strong> +994 51 703 79 79<br \/>\n<strong>Email:<\/strong>\u00a0<a href=\"mailto:info@ipvision.az\">info@ipvision.az<\/a><\/p>\n\t\n<\/div><div class=\"norebro-text-sc \" \n\tid=\"norebro-custom-69d4cbeded39b\" \n\t \n\t data-aos-duration=\"400\">\n\n\t<h4>Ofis:<\/h4>\n\t\n<\/div><div class=\"norebro-text-sc \" \n\tid=\"norebro-custom-69d4cbeded3c0\" \n\t \n\t data-aos-duration=\"400\">\n\n\t<p>\u00dcnvan: AZ1069, Az\u0259rbaycan\/Bak\u0131, \u018fhm\u0259d R\u0259c\u0259bli k\u00fc\u00e7., 185\/1,<\/p>\n\t\n<\/div>[\/vc_column_inner][\/vc_row_inner][\/vc_column][vc_column width=&#8221;1\/2&#8243;]<div class=\"norebro-text-sc \" \n\tid=\"norebro-custom-69d4cbeded3f8\" \n\t \n\t>\n\n\t<h4><strong>H\u0259ll\u0259r<\/strong> v\u0259 xidm\u0259tl\u0259r \u00fczr\u0259 m\u0259sl\u0259h\u0259tl\u0259r v\u0259 ya t\u0259klif almaq \u00fc\u00e7\u00fcn sor\u011funuzu g\u00f6nd\u0259rin<\/h4>\n\t\n<\/div><div class=\"norebro-contact-from-sc contact-form  text-left flat\"\n\tid=\"norebro-custom-69d4cbeded40d\" \n\t \n\t>\n\n\t\n<div class=\"wpcf7 no-js\" id=\"wpcf7-f9666-o1\" lang=\"en-US\" dir=\"ltr\">\n<div class=\"screen-reader-response\"><p role=\"status\" aria-live=\"polite\" aria-atomic=\"true\"><\/p> <ul><\/ul><\/div>\n<form action=\"\/index.php\/wp-json\/wp\/v2\/pages\/5652022#wpcf7-f9666-o1\" method=\"post\" class=\"wpcf7-form init\" aria-label=\"Contact form\" novalidate=\"novalidate\" data-status=\"init\">\n<div style=\"display: none;\">\n<input type=\"hidden\" name=\"_wpcf7\" value=\"9666\" \/>\n<input type=\"hidden\" name=\"_wpcf7_version\" value=\"5.8.2\" \/>\n<input type=\"hidden\" name=\"_wpcf7_locale\" value=\"en_US\" \/>\n<input type=\"hidden\" name=\"_wpcf7_unit_tag\" value=\"wpcf7-f9666-o1\" \/>\n<input type=\"hidden\" name=\"_wpcf7_container_post\" value=\"0\" \/>\n<input type=\"hidden\" name=\"_wpcf7_posted_data_hash\" value=\"\" \/>\n<\/div>\n<p><label> * Ad\u0131n\u0131z v\u0259 soyad\u0131n\u0131z<br \/>\n<span class=\"wpcf7-form-control-wrap\" data-name=\"your-name\"><input size=\"40\" class=\"wpcf7-form-control wpcf7-text wpcf7-validates-as-required\" autocomplete=\"name\" aria-required=\"true\" aria-invalid=\"false\" value=\"\" type=\"text\" name=\"your-name\" \/><\/span> <\/label>\n<\/p>\n<p><label> * Elektron \u00fcnvan (E-mail)<br \/>\n<span class=\"wpcf7-form-control-wrap\" data-name=\"your-email\"><input size=\"40\" class=\"wpcf7-form-control wpcf7-email wpcf7-validates-as-required wpcf7-text wpcf7-validates-as-email\" autocomplete=\"email\" aria-required=\"true\" aria-invalid=\"false\" value=\"\" type=\"email\" name=\"your-email\" \/><\/span> <\/label>\n<\/p>\n<p><label> *\u015eirk\u0259t ad\u0131 v\u0259 ya V\u00f6en<br \/>\n<span class=\"wpcf7-form-control-wrap\" data-name=\"text-984\"><input size=\"40\" class=\"wpcf7-form-control wpcf7-text wpcf7-validates-as-required\" aria-required=\"true\" aria-invalid=\"false\" value=\"\" type=\"text\" name=\"text-984\" \/><\/span> <\/label>\n<\/p>\n<p><label> M\u00f6vzu<br \/>\n<span class=\"wpcf7-form-control-wrap\" data-name=\"your-subject\"><input size=\"40\" class=\"wpcf7-form-control wpcf7-text wpcf7-validates-as-required\" aria-required=\"true\" aria-invalid=\"false\" value=\"\" type=\"text\" name=\"your-subject\" \/><\/span> <\/label>\n<\/p>\n<p><label> * So\u011f\u00fc b\u00f6l\u00fcm\u00fc<br \/>\n<span class=\"wpcf7-form-control-wrap\" data-name=\"menu-930\"><select class=\"wpcf7-form-control wpcf7-select wpcf7-validates-as-required\" aria-required=\"true\" aria-invalid=\"false\" name=\"menu-930\"><option value=\"Biznes h\u0259ll\u0259r\">Biznes h\u0259ll\u0259r<\/option><option value=\"\u0130nfrastruktur h\u0259ll\u0259r\">\u0130nfrastruktur h\u0259ll\u0259r<\/option><option value=\"M\u00fch\u0259ndis v\u0259 multimediya sisteml\u0259ri\">M\u00fch\u0259ndis v\u0259 multimediya sisteml\u0259ri<\/option><option value=\"D\u0259st\u0259k xidm\u0259ti\">D\u0259st\u0259k xidm\u0259ti<\/option><\/select><\/span> <\/label>\n<\/p>\n<p><input class=\"wpcf7-form-control wpcf7-submit has-spinner\" type=\"submit\" value=\"G\u00f6nd\u0259r\" \/>\n<\/p><div class=\"wpcf7-response-output\" aria-hidden=\"true\"><\/div>\n<\/form>\n<\/div>\n\n\t<div class=\"hidden\" data-contact-btn=\"true\">\n\t\t<button class=\"btn  btn-brand\">\n\t\t\t<span class=\"btn-load\"><\/span>\n\t\t\t<span class=\"text\"><\/span>\n\t\t<\/button>\n\t<\/div>\n<\/div>[\/vc_column][\/vc_row]\n<\/section>","protected":false},"excerpt":{"rendered":"<p>[vc_row content_placement=&#8221;middle&#8221;][vc_column width=&#8221;1\/2&#8243;][vc_row_inner css=&#8221;.vc_custom_1505736899191{padding-right: 15% !important;padding-left: 15% !important;}&#8221;][vc_column_inner][vc_single_image image=&#8221;5652950&#8243; img_size=&#8221;full&#8221;][\/vc_column_inner][\/vc_row_inner][\/vc_column][vc_column width=&#8221;1\/2&#8243;][\/vc_column][\/vc_row]<\/p>\n","protected":false},"author":1,"featured_media":5652068,"parent":0,"menu_order":0,"comment_status":"closed","ping_status":"closed","template":"","meta":[],"acf":[],"_links":{"self":[{"href":"https:\/\/ipvision.az\/index.php\/wp-json\/wp\/v2\/pages\/5652022"}],"collection":[{"href":"https:\/\/ipvision.az\/index.php\/wp-json\/wp\/v2\/pages"}],"about":[{"href":"https:\/\/ipvision.az\/index.php\/wp-json\/wp\/v2\/types\/page"}],"author":[{"embeddable":true,"href":"https:\/\/ipvision.az\/index.php\/wp-json\/wp\/v2\/users\/1"}],"replies":[{"embeddable":true,"href":"https:\/\/ipvision.az\/index.php\/wp-json\/wp\/v2\/comments?post=5652022"}],"version-history":[{"count":36,"href":"https:\/\/ipvision.az\/index.php\/wp-json\/wp\/v2\/pages\/5652022\/revisions"}],"predecessor-version":[{"id":5652949,"href":"https:\/\/ipvision.az\/index.php\/wp-json\/wp\/v2\/pages\/5652022\/revisions\/5652949"}],"wp:featuredmedia":[{"embeddable":true,"href":"https:\/\/ipvision.az\/index.php\/wp-json\/wp\/v2\/media\/5652068"}],"wp:attachment":[{"href":"https:\/\/ipvision.az\/index.php\/wp-json\/wp\/v2\/media?parent=5652022"}],"curies":[{"name":"wp","href":"https:\/\/api.w.org\/{rel}","templated":true}]}}