{"id":5652016,"date":"2017-08-09T12:20:02","date_gmt":"2017-08-09T12:20:02","guid":{"rendered":"http:\/\/demo08\/?page_id=6"},"modified":"2023-10-26T10:43:06","modified_gmt":"2023-10-26T10:43:06","slug":"esas","status":"publish","type":"page","link":"https:\/\/ipvision.az\/","title":{"rendered":"Ana s\u0259hif\u0259"},"content":{"rendered":"<section class=\"wpb-content-wrapper\">[vc_row full_width=&#8221;stretch_row_content_no_spaces&#8221;][vc_column]<div class=\"norebro-recent-projects-sc  portfolio-grid-4 hide-scroll with-sorting\" \n\tid=\"norebro-custom-69d274e38f605\"\n\t \n\t>\n\t\n\t<div class=\"slider full-height full with-sorting\" data-norebro-slider='{\"mousewheel\":false,\"loop\":true,\"dots\":false,\"nav\":true,\"autoplay\":false,\"autoplayHoverPause\":true,\"navContainerClass\":\"slider-nav\",\"keyControl\":true,\"itemsDesktop\":\"3\",\"itemsTablet\":\"2\",\"itemsMobile\":\"1\",\"dotsEach\":\"1\",\"slideBy\":1,\"navSpeed\":\"500\",\"autoplayTimeout\":\"5\",\"autoHeight\":false,\"dotsClass\":\"slider-vertical-numbers\"}'>\n\t\t\t\t<div class=\"slider-wrap portfolio-item-wrap\">\n\t<div class=\"portfolio-item grid-4\">\n\t\t\t\t\t<div class=\"image-wrap\" data-norebro-bg-image=\"https:\/\/ipvision.az\/wp-content\/uploads\/2017\/08\/Portfolio-video-img-1.jpg\"><\/div>\n\t\t\t\t<a href=\"https:\/\/ipvision.az\/index.php\/security-systems\/\">\n\t\t\t<div class=\"description overlay\">\n\t\t\t\t<div class=\"content-center\">\n\t\t\t\t\t<div class=\"wrap\">\n\t\t\t\t\t\t\n\t\t\t\t\t\t\t\t\t\t\t\t\t\t\t\t\t\t\n\t\t\t\t\t\t<h4 class=\"title\">T\u0259hl\u00fck\u0259sizlik sisteml\u0259ri<\/h4>\n\t\t\t\t\t\t\t\t\t\t\t\t\t<div class=\"text-description\">\n\t\t\t\t\t\t\t\tT\u0259hl\u00fck\u0259sizlik sisteml\u0259rinin layih\u0259l\u0259ndirilm\u0259si, qura\u015fd\u0131r\u0131lmas\u0131, istismara verilm\u0259si, konfiqurasiyas\u0131 v\u0259 texniki xidm\u0259ti\t\t\t\t\t\t\t<\/div>\n\t\t\t\t\t\t\t\t\t\t\t\t\t\t\t\t\t<\/div>\n\t\t\t\t<\/div>\n\t\t\t<\/div>\n\t\t<\/a>\n\t<\/div><\/div>\t\t\t\t<div class=\"slider-wrap portfolio-item-wrap\">\n\t<div class=\"portfolio-item grid-4\">\n\t\t\t\t\t<div class=\"image-wrap\" data-norebro-bg-image=\"https:\/\/ipvision.az\/wp-content\/uploads\/2017\/08\/SCS-cabling.jpg\"><\/div>\n\t\t\t\t<a href=\"https:\/\/ipvision.az\/index.php\/esas\/solution-services-2-4\/\" target=\"_blank\">\n\t\t\t<div class=\"description overlay\">\n\t\t\t\t<div class=\"content-center\">\n\t\t\t\t\t<div class=\"wrap\">\n\t\t\t\t\t\t\n\t\t\t\t\t\t\t\t\t\t\t\t\t\t\t\t\t\t\n\t\t\t\t\t\t<h4 class=\"title\">\u015e\u0259b\u0259k\u0259 h\u0259ll\u0259ri &#038; xidm\u0259tl\u0259ri<\/h4>\n\t\t\t\t\t\t\t\t\t\t\t\t\t<div class=\"text-description\">\n\t\t\t\t\t\t\t\tY\u00fcks\u0259k keyfiyy\u0259tli layih\u0259l\u0259ndirilmi\u015f v\u0259 qurulmu\u015f \u015f\u0259b\u0259k\u0259l\u0259r binan\u0131n t\u0259hl\u00fck\u0259sizliyinin, \u0259mlak\u0131n\u0131n, rahatl\u0131\u011f\u0131n\u0131n, el\u0259c\u0259 d\u0259 kollektivin u\u011furlu v\u0259 m\u0259hsuldar i\u015finin a\u00e7ar\u0131d\u0131r.&hellip;\t\t\t\t\t\t\t<\/div>\n\t\t\t\t\t\t\t\t\t\t\t\t\t\t\t\t\t<\/div>\n\t\t\t\t<\/div>\n\t\t\t<\/div>\n\t\t<\/a>\n\t<\/div><\/div>\t\t\t\t<div class=\"slider-wrap portfolio-item-wrap\">\n\t<div class=\"portfolio-item grid-4\">\n\t\t\t\t\t<div class=\"image-wrap\" data-norebro-bg-image=\"https:\/\/ipvision.az\/wp-content\/uploads\/2017\/08\/price-politics.jpg\"><\/div>\n\t\t\t\t<a href=\"https:\/\/ipvision.az\/index.php\/hardw\/\" target=\"_blank\">\n\t\t\t<div class=\"description overlay\">\n\t\t\t\t<div class=\"content-center\">\n\t\t\t\t\t<div class=\"wrap\">\n\t\t\t\t\t\t\n\t\t\t\t\t\t\t\t\t\t\t\t\t\t\t\t\t\t\n\t\t\t\t\t\t<h4 class=\"title\">Avadanl\u0131q<\/h4>\n\t\t\t\t\t\t\t\t\t\t\t\t\t<div class=\"text-description\">\n\t\t\t\t\t\t\t\t\u015e\u0259b\u0259k\u0259 v\u0259 server avadanl\u0131ql\u0131ar\u0131n\u0131n se\u00e7ilm\u0259sini, qurulmas\u0131n\u0131 v\u0259 t\u0259hcizat\u0131 il\u0259 yana\u015f\u0131 qarantili d\u0259st\u0259yini biz\u0259 etibar ed\u0259 bil\u0259rsiniz.\t\t\t\t\t\t\t<\/div>\n\t\t\t\t\t\t\t\t\t\t\t\t\t\t\t\t\t<\/div>\n\t\t\t\t<\/div>\n\t\t\t<\/div>\n\t\t<\/a>\n\t<\/div><\/div>\t\t\t<\/div>\n\n\t\t<div class=\"scroll\">\n\t\tScroll\t<\/div>\n\t<\/div>[\/vc_column][\/vc_row]\n<\/section>","protected":false},"excerpt":{"rendered":"<p>[vc_row full_width=&#8221;stretch_row_content_no_spaces&#8221;][vc_column][\/vc_column][\/vc_row]<\/p>\n","protected":false},"author":1,"featured_media":0,"parent":0,"menu_order":0,"comment_status":"closed","ping_status":"closed","template":"","meta":[],"acf":[],"_links":{"self":[{"href":"https:\/\/ipvision.az\/index.php\/wp-json\/wp\/v2\/pages\/5652016"}],"collection":[{"href":"https:\/\/ipvision.az\/index.php\/wp-json\/wp\/v2\/pages"}],"about":[{"href":"https:\/\/ipvision.az\/index.php\/wp-json\/wp\/v2\/types\/page"}],"author":[{"embeddable":true,"href":"https:\/\/ipvision.az\/index.php\/wp-json\/wp\/v2\/users\/1"}],"replies":[{"embeddable":true,"href":"https:\/\/ipvision.az\/index.php\/wp-json\/wp\/v2\/comments?post=5652016"}],"version-history":[{"count":14,"href":"https:\/\/ipvision.az\/index.php\/wp-json\/wp\/v2\/pages\/5652016\/revisions"}],"predecessor-version":[{"id":5652935,"href":"https:\/\/ipvision.az\/index.php\/wp-json\/wp\/v2\/pages\/5652016\/revisions\/5652935"}],"wp:attachment":[{"href":"https:\/\/ipvision.az\/index.php\/wp-json\/wp\/v2\/media?parent=5652016"}],"curies":[{"name":"wp","href":"https:\/\/api.w.org\/{rel}","templated":true}]}}